{"id":11171,"date":"2024-02-16T17:51:52","date_gmt":"2024-02-16T17:51:52","guid":{"rendered":"https:\/\/isra-collection.com\/?post_type=product&#038;p=11171"},"modified":"2026-03-30T08:57:49","modified_gmt":"2026-03-30T08:57:49","slug":"maxi-khimar-whool-peach-taille-1","status":"publish","type":"product","link":"https:\/\/isra-collection.com\/?product=maxi-khimar-whool-peach-taille-1","title":{"rendered":"Maxi khimar whool peach Taille 1"},"content":{"rendered":"<div style=\"text-align: left;\">\n<div style=\"text-align: left;\">\n<ul>\n<li>\n<div>\n<div>Ce khimar Isra Collection est pour vous. Ce retomb\u00e9 sublime, sa coupe pointue vous assurera une couvrante total in sha Allah.<\/div>\n<div>Tr\u00e8s l\u00e9ger et fluide il est dot\u00e9 de deux cordelettes pour celle qui d\u00e9sire le porter en niquab.<\/div>\n<div><\/div>\n<div>Tissu whool peach :<\/div>\n<div>magnifique retomb\u00e9 ne bouloche pas ( \u00e0 laver en machine \u00e0 30 degr\u00e9) , tissu fluide Leg\u00e9.<\/div>\n<div>Touch\u00e9 peau de p\u00eache<\/div>\n<div>Fluide l\u00e9g\u00e8rement opaque Pour certaines couleurs. Les couleur claires sont toujours l\u00e9g\u00e8rement transparente, il faut \u00eatre habill\u00e9e en dessous<\/div>\n<div>Se porte en \u00e9t\u00e9 comme en hiver.<\/div>\n<\/div>\n<div>Taille 1: 1m40<\/div>\n<div>Longeur devant 1m10 environ<\/div>\n<div><\/div>\n<\/li>\n<\/ul>\n<\/div>\n<\/div>\n","protected":false},"excerpt":{"rendered":"<p>Ce khimar Isra Collection est pour vous. Ce retomb\u00e9 sublime, sa coupe pointue vous assurera une couvrante total in sha Allah. Tr\u00e8s l\u00e9ger et fluide il est dot\u00e9 de deux cordelettes pour celle qui d\u00e9sire le porter en niquab. Tissu whool peach : magnifique retomb\u00e9 ne bouloche pas ( \u00e0 laver en machine \u00e0 30 [&hellip;]<\/p>\n","protected":false},"featured_media":9764,"comment_status":"open","ping_status":"closed","template":"","meta":{"inline_featured_image":false},"product_brand":[],"product_cat":[27,141,71],"product_tag":[],"class_list":{"0":"post-11171","1":"product","2":"type-product","3":"status-publish","4":"has-post-thumbnail","6":"product_cat-all","7":"product_cat-khimar","8":"product_cat-maxi-khimar","10":"first","11":"instock","12":"shipping-taxable","13":"purchasable","14":"product-type-variable","15":"rtwpvg-product"},"_links":{"self":[{"href":"https:\/\/isra-collection.com\/index.php?rest_route=\/wp\/v2\/product\/11171","targetHints":{"allow":["GET"]}}],"collection":[{"href":"https:\/\/isra-collection.com\/index.php?rest_route=\/wp\/v2\/product"}],"about":[{"href":"https:\/\/isra-collection.com\/index.php?rest_route=\/wp\/v2\/types\/product"}],"replies":[{"embeddable":true,"href":"https:\/\/isra-collection.com\/index.php?rest_route=%2Fwp%2Fv2%2Fcomments&post=11171"}],"wp:featuredmedia":[{"embeddable":true,"href":"https:\/\/isra-collection.com\/index.php?rest_route=\/wp\/v2\/media\/9764"}],"wp:attachment":[{"href":"https:\/\/isra-collection.com\/index.php?rest_route=%2Fwp%2Fv2%2Fmedia&parent=11171"}],"wp:term":[{"taxonomy":"product_brand","embeddable":true,"href":"https:\/\/isra-collection.com\/index.php?rest_route=%2Fwp%2Fv2%2Fproduct_brand&post=11171"},{"taxonomy":"product_cat","embeddable":true,"href":"https:\/\/isra-collection.com\/index.php?rest_route=%2Fwp%2Fv2%2Fproduct_cat&post=11171"},{"taxonomy":"product_tag","embeddable":true,"href":"https:\/\/isra-collection.com\/index.php?rest_route=%2Fwp%2Fv2%2Fproduct_tag&post=11171"}],"curies":[{"name":"wp","href":"https:\/\/api.w.org\/{rel}","templated":true}]}}