{"id":13947,"date":"2024-09-25T20:20:41","date_gmt":"2024-09-25T20:20:41","guid":{"rendered":"https:\/\/isra-collection.com\/?post_type=product&#038;p=13947"},"modified":"2026-04-01T18:14:59","modified_gmt":"2026-04-01T18:14:59","slug":"khimar-2-voiles-mousseline-pointue","status":"publish","type":"product","link":"https:\/\/isra-collection.com\/?product=khimar-2-voiles-mousseline-pointue","title":{"rendered":"Khimar 2 voiles mousseline pointue"},"content":{"rendered":"<p>Maxi khimar deux voiles mousseline coupe pointu de qualit\u00e9 premium<\/p>\n<p>Laissez-vous tenter par cette sublime pi\u00e8ce l\u00e9g\u00e8re et agr\u00e9able \u00e0 porter.<\/p>\n<p>Id\u00e9ale Pour les occasions ou \u00e0 porter tous les jours.<\/p>\n<p>Le khimar est doubl\u00e9 toutefois nous vous conseillons de le porter avec un bonnet ou autre Pour ce qui est des couleurs claires.<\/p>\n","protected":false},"excerpt":{"rendered":"<blockquote><p>&nbsp;<\/p><\/blockquote>\n","protected":false},"featured_media":10093,"comment_status":"open","ping_status":"closed","template":"","meta":{"inline_featured_image":false},"product_brand":[],"product_cat":[27,141,142],"product_tag":[],"class_list":{"0":"post-13947","1":"product","2":"type-product","3":"status-publish","4":"has-post-thumbnail","6":"product_cat-all","7":"product_cat-khimar","8":"product_cat-khimar-2-voiles","10":"first","11":"instock","12":"shipping-taxable","13":"purchasable","14":"product-type-variable","15":"rtwpvg-product"},"_links":{"self":[{"href":"https:\/\/isra-collection.com\/index.php?rest_route=\/wp\/v2\/product\/13947","targetHints":{"allow":["GET"]}}],"collection":[{"href":"https:\/\/isra-collection.com\/index.php?rest_route=\/wp\/v2\/product"}],"about":[{"href":"https:\/\/isra-collection.com\/index.php?rest_route=\/wp\/v2\/types\/product"}],"replies":[{"embeddable":true,"href":"https:\/\/isra-collection.com\/index.php?rest_route=%2Fwp%2Fv2%2Fcomments&post=13947"}],"wp:featuredmedia":[{"embeddable":true,"href":"https:\/\/isra-collection.com\/index.php?rest_route=\/wp\/v2\/media\/10093"}],"wp:attachment":[{"href":"https:\/\/isra-collection.com\/index.php?rest_route=%2Fwp%2Fv2%2Fmedia&parent=13947"}],"wp:term":[{"taxonomy":"product_brand","embeddable":true,"href":"https:\/\/isra-collection.com\/index.php?rest_route=%2Fwp%2Fv2%2Fproduct_brand&post=13947"},{"taxonomy":"product_cat","embeddable":true,"href":"https:\/\/isra-collection.com\/index.php?rest_route=%2Fwp%2Fv2%2Fproduct_cat&post=13947"},{"taxonomy":"product_tag","embeddable":true,"href":"https:\/\/isra-collection.com\/index.php?rest_route=%2Fwp%2Fv2%2Fproduct_tag&post=13947"}],"curies":[{"name":"wp","href":"https:\/\/api.w.org\/{rel}","templated":true}]}}