{"id":14347,"date":"2025-03-05T19:37:33","date_gmt":"2025-03-05T19:37:33","guid":{"rendered":"https:\/\/isra-collection.com\/?post_type=product&#038;p=14347"},"modified":"2026-04-14T09:30:34","modified_gmt":"2026-04-14T09:30:34","slug":"abaya-rosa","status":"publish","type":"product","link":"https:\/\/isra-collection.com\/?product=abaya-rosa","title":{"rendered":"Abaya Rosa"},"content":{"rendered":"<p data-start=\"65\" data-end=\"277\">Cette abaya en tissu <strong data-start=\"86\" data-end=\"101\">linen (lin)<\/strong> est con\u00e7ue pour offrir un style \u00e0 la fois <strong data-start=\"144\" data-end=\"179\">mastour, \u00e9l\u00e9gant et confortable<\/strong>. Sa mati\u00e8re l\u00e9g\u00e8re et fluide est id\u00e9ale pour un port quotidien, tout en assurant une belle tenue.<\/p>\n<p data-start=\"279\" data-end=\"496\">Le mod\u00e8le <strong data-start=\"289\" data-end=\"320\">kimono ouvert sur le devant<\/strong> permet de la porter facilement avec une <strong data-start=\"361\" data-end=\"375\">sous-abaya<\/strong>, pour un look couvrant et harmonieux. Sa coupe ample convient \u00e0 diff\u00e9rentes morphologies et garantit une grande aisance.<\/p>\n<p data-start=\"498\" data-end=\"618\">Disponible en <strong data-start=\"512\" data-end=\"545\">gris anthracite, moka et noir<\/strong>, cette abaya s\u2019adapte \u00e0 tous les styles, du plus simple au plus habill\u00e9.<\/p>\n<p data-start=\"620\" data-end=\"710\" data-is-last-node=\"\" data-is-only-node=\"\">Propos\u00e9e en <strong data-start=\"632\" data-end=\"651\">tailles 52 \u00e0 60<\/strong>, elle allie parfaitement <strong data-start=\"677\" data-end=\"709\">confort, pudeur et modernit\u00e9<\/strong>.<\/p>\n","protected":false},"excerpt":{"rendered":"<p>Cette abaya en tissu linen (lin) est con\u00e7ue pour offrir un style \u00e0 la fois mastour, \u00e9l\u00e9gant et confortable. Sa mati\u00e8re l\u00e9g\u00e8re et fluide est id\u00e9ale pour un port quotidien, tout en assurant une belle tenue. Le mod\u00e8le kimono ouvert sur le devant permet de la porter facilement avec une sous-abaya, pour un look couvrant [&hellip;]<\/p>\n","protected":false},"featured_media":15191,"comment_status":"open","ping_status":"closed","template":"","meta":{"inline_featured_image":false},"product_brand":[],"product_cat":[274,280,69],"product_tag":[],"class_list":{"0":"post-14347","1":"product","2":"type-product","3":"status-publish","4":"has-post-thumbnail","6":"product_cat-mlle-bella","7":"product_cat-mlle-bella-paris","8":"product_cat-abaya","10":"first","11":"instock","12":"sale","13":"shipping-taxable","14":"purchasable","15":"product-type-variable","16":"rtwpvg-product"},"_links":{"self":[{"href":"https:\/\/isra-collection.com\/index.php?rest_route=\/wp\/v2\/product\/14347","targetHints":{"allow":["GET"]}}],"collection":[{"href":"https:\/\/isra-collection.com\/index.php?rest_route=\/wp\/v2\/product"}],"about":[{"href":"https:\/\/isra-collection.com\/index.php?rest_route=\/wp\/v2\/types\/product"}],"replies":[{"embeddable":true,"href":"https:\/\/isra-collection.com\/index.php?rest_route=%2Fwp%2Fv2%2Fcomments&post=14347"}],"wp:featuredmedia":[{"embeddable":true,"href":"https:\/\/isra-collection.com\/index.php?rest_route=\/wp\/v2\/media\/15191"}],"wp:attachment":[{"href":"https:\/\/isra-collection.com\/index.php?rest_route=%2Fwp%2Fv2%2Fmedia&parent=14347"}],"wp:term":[{"taxonomy":"product_brand","embeddable":true,"href":"https:\/\/isra-collection.com\/index.php?rest_route=%2Fwp%2Fv2%2Fproduct_brand&post=14347"},{"taxonomy":"product_cat","embeddable":true,"href":"https:\/\/isra-collection.com\/index.php?rest_route=%2Fwp%2Fv2%2Fproduct_cat&post=14347"},{"taxonomy":"product_tag","embeddable":true,"href":"https:\/\/isra-collection.com\/index.php?rest_route=%2Fwp%2Fv2%2Fproduct_tag&post=14347"}],"curies":[{"name":"wp","href":"https:\/\/api.w.org\/{rel}","templated":true}]}}