{"id":6637,"date":"2024-02-15T12:40:29","date_gmt":"2024-02-15T12:40:29","guid":{"rendered":"https:\/\/isra-collection.com\/?post_type=product&#038;p=6637"},"modified":"2026-04-16T17:52:20","modified_gmt":"2026-04-16T17:52:20","slug":"abaya-cloche-ouverte-whool-peach","status":"publish","type":"product","link":"https:\/\/isra-collection.com\/?product=abaya-cloche-ouverte-whool-peach","title":{"rendered":"Abaya cloche ouverte whool Peach"},"content":{"rendered":"<p>D\u00e9couvrez notre nouveau mod\u00e8le d&rsquo;Abaya Isra Collection. Cette abaya saura vous s\u00e9duire de part sa l\u00e9g\u00e8ret\u00e9 ainsi que son retomb\u00e9.<\/p>\n<p>Mod\u00e8le cloche pour un nouveau design tout en \u00e9tant mastoura. Ouverte sur le devant pour changer de la abaya basique cloche ferm\u00e9<\/p>\n<p>Dot\u00e9e de manche droite fa\u00e7on ballon, toutes en \u00e9tant tr\u00e8s couvrantes.<\/p>\n<p>Manche \u00e9lastique afin d&rsquo;obtenir un meilleur maintien au niveau des poign\u00e9es.<\/p>\n<p>Les couleurs peuvent changer selon la luminosit\u00e9.<\/p>\n<p>Les couleurs claire sont l\u00e9g\u00e8rement transparentes \u00e0 porter avec des v\u00eatement sous la abaya<\/p>\n<p>Lavage en machine 30 Degr\u00e9<\/p>\n<p>&nbsp;<\/p>\n<p>&nbsp;<\/p>\n<p>Les abayas doivent \u00eatre port\u00e9 de mani\u00e8re l\u00e9gif\u00e9r\u00e9 avec un maxi khimar ou un maxi hijeb<\/p>\n","protected":false},"excerpt":{"rendered":"<blockquote><p>&nbsp;<\/p><\/blockquote>\n","protected":false},"featured_media":9764,"comment_status":"open","ping_status":"closed","template":"","meta":{"inline_featured_image":false},"product_brand":[],"product_cat":[267,27,69,149],"product_tag":[],"class_list":{"0":"post-6637","1":"product","2":"type-product","3":"status-publish","4":"has-post-thumbnail","6":"product_cat-promo","7":"product_cat-all","8":"product_cat-abaya","9":"product_cat-abaya-cloche","11":"first","12":"instock","13":"sale","14":"shipping-taxable","15":"purchasable","16":"product-type-variable","17":"rtwpvg-product"},"_links":{"self":[{"href":"https:\/\/isra-collection.com\/index.php?rest_route=\/wp\/v2\/product\/6637","targetHints":{"allow":["GET"]}}],"collection":[{"href":"https:\/\/isra-collection.com\/index.php?rest_route=\/wp\/v2\/product"}],"about":[{"href":"https:\/\/isra-collection.com\/index.php?rest_route=\/wp\/v2\/types\/product"}],"replies":[{"embeddable":true,"href":"https:\/\/isra-collection.com\/index.php?rest_route=%2Fwp%2Fv2%2Fcomments&post=6637"}],"wp:featuredmedia":[{"embeddable":true,"href":"https:\/\/isra-collection.com\/index.php?rest_route=\/wp\/v2\/media\/9764"}],"wp:attachment":[{"href":"https:\/\/isra-collection.com\/index.php?rest_route=%2Fwp%2Fv2%2Fmedia&parent=6637"}],"wp:term":[{"taxonomy":"product_brand","embeddable":true,"href":"https:\/\/isra-collection.com\/index.php?rest_route=%2Fwp%2Fv2%2Fproduct_brand&post=6637"},{"taxonomy":"product_cat","embeddable":true,"href":"https:\/\/isra-collection.com\/index.php?rest_route=%2Fwp%2Fv2%2Fproduct_cat&post=6637"},{"taxonomy":"product_tag","embeddable":true,"href":"https:\/\/isra-collection.com\/index.php?rest_route=%2Fwp%2Fv2%2Fproduct_tag&post=6637"}],"curies":[{"name":"wp","href":"https:\/\/api.w.org\/{rel}","templated":true}]}}