{"id":8943,"date":"2024-02-15T17:49:54","date_gmt":"2024-02-15T17:49:54","guid":{"rendered":"https:\/\/isra-collection.com\/?post_type=product&#038;p=8943"},"modified":"2026-04-24T15:33:06","modified_gmt":"2026-04-24T15:33:06","slug":"khimar-2-voiles-soie-de-medine","status":"publish","type":"product","link":"https:\/\/isra-collection.com\/?product=khimar-2-voiles-soie-de-medine","title":{"rendered":"Khimar 2 voiles &#8211; Soie de M\u00e9dine"},"content":{"rendered":"<ul>\n<li>Ce Khimar deux voiles est pour vous.<br \/>\nCe retomb\u00e9 sublime, sa coupe pointue vous assurera une couvrance totale in sha Allah.<\/li>\n<\/ul>\n<div>Tissu soie de m\u00e9dine : la soie de m\u00e9dine est un tissu de luxe haute qualit\u00e9,<\/div>\n<div>Magnifique retomb\u00e9 ne bouloche pas fluide mais opaque.<\/div>\n<div>Se porte en \u00e9t\u00e9 comme en hiver.<\/div>\n<h4><em><br \/>\n<\/em>Premier voile : 1m17<br \/>\nDeuxi\u00e8me voile : 1m47<\/h4>\n<h4><\/h4>\n","protected":false},"excerpt":{"rendered":"<p>Ce Khimar deux voiles est pour vous. Ce retomb\u00e9 sublime, sa coupe pointue vous assurera une couvrance totale in sha Allah. Tissu soie de m\u00e9dine : la soie de m\u00e9dine est un tissu de luxe haute qualit\u00e9, Magnifique retomb\u00e9 ne bouloche pas fluide mais opaque. Se porte en \u00e9t\u00e9 comme en hiver. Premier voile : [&hellip;]<\/p>\n","protected":false},"featured_media":11724,"comment_status":"open","ping_status":"closed","template":"","meta":{"inline_featured_image":false},"product_brand":[],"product_cat":[27,141,142],"product_tag":[],"class_list":{"0":"post-8943","1":"product","2":"type-product","3":"status-publish","4":"has-post-thumbnail","6":"product_cat-all","7":"product_cat-khimar","8":"product_cat-khimar-2-voiles","10":"first","11":"instock","12":"shipping-taxable","13":"purchasable","14":"product-type-variable","15":"rtwpvg-product"},"_links":{"self":[{"href":"https:\/\/isra-collection.com\/index.php?rest_route=\/wp\/v2\/product\/8943","targetHints":{"allow":["GET"]}}],"collection":[{"href":"https:\/\/isra-collection.com\/index.php?rest_route=\/wp\/v2\/product"}],"about":[{"href":"https:\/\/isra-collection.com\/index.php?rest_route=\/wp\/v2\/types\/product"}],"replies":[{"embeddable":true,"href":"https:\/\/isra-collection.com\/index.php?rest_route=%2Fwp%2Fv2%2Fcomments&post=8943"}],"wp:featuredmedia":[{"embeddable":true,"href":"https:\/\/isra-collection.com\/index.php?rest_route=\/wp\/v2\/media\/11724"}],"wp:attachment":[{"href":"https:\/\/isra-collection.com\/index.php?rest_route=%2Fwp%2Fv2%2Fmedia&parent=8943"}],"wp:term":[{"taxonomy":"product_brand","embeddable":true,"href":"https:\/\/isra-collection.com\/index.php?rest_route=%2Fwp%2Fv2%2Fproduct_brand&post=8943"},{"taxonomy":"product_cat","embeddable":true,"href":"https:\/\/isra-collection.com\/index.php?rest_route=%2Fwp%2Fv2%2Fproduct_cat&post=8943"},{"taxonomy":"product_tag","embeddable":true,"href":"https:\/\/isra-collection.com\/index.php?rest_route=%2Fwp%2Fv2%2Fproduct_tag&post=8943"}],"curies":[{"name":"wp","href":"https:\/\/api.w.org\/{rel}","templated":true}]}}