{"id":9550,"date":"2024-02-15T18:00:25","date_gmt":"2024-02-15T18:00:25","guid":{"rendered":"https:\/\/isra-collection.com\/?post_type=product&#038;p=9550"},"modified":"2026-04-15T11:08:33","modified_gmt":"2026-04-15T11:08:33","slug":"jilbeb-soie-de-medine","status":"publish","type":"product","link":"https:\/\/isra-collection.com\/?product=jilbeb-soie-de-medine","title":{"rendered":"Jilbeb Soie de m\u00e9dine"},"content":{"rendered":"<p>Isra collection vous pr\u00e9sente sa nouveaut\u00e9e le jilbeb 2 pi\u00e8ces en tissu haute de gamme soie de M\u00e9dine.<\/p>\n<p>La soie de M\u00e9dine est un tissu de luxe haute qualit\u00e9.<\/p>\n<p>Ce tissu est intemporel, ce porte aussi bien en \u00e9t\u00e9 qu&rsquo;en hiver.<\/p>\n<p>Correspond \u00e0 une personne mesurant jusqu&rsquo;\u00e0 1m 77 , et peu convenir du 36 au 50.<\/p>\n<p>Les couleurs claire peuvent \u00eatre transparentes.<\/p>\n","protected":false},"excerpt":{"rendered":"<p>Isra collection vous pr\u00e9sente sa nouveaut\u00e9e le jilbeb 2 pi\u00e8ces en tissu haute de gamme soie de M\u00e9dine. La soie de M\u00e9dine est un tissu de luxe haute qualit\u00e9. Ce tissu est intemporel, ce porte aussi bien en \u00e9t\u00e9 qu&rsquo;en hiver. Correspond \u00e0 une personne mesurant jusqu&rsquo;\u00e0 1m 77 , et peu convenir du 36 [&hellip;]<\/p>\n","protected":false},"featured_media":11690,"comment_status":"open","ping_status":"closed","template":"","meta":{"inline_featured_image":false},"product_brand":[],"product_cat":[27,168],"product_tag":[],"class_list":{"0":"post-9550","1":"product","2":"type-product","3":"status-publish","4":"has-post-thumbnail","6":"product_cat-all","7":"product_cat-jilbeb","9":"first","10":"instock","11":"shipping-taxable","12":"purchasable","13":"product-type-variable","14":"rtwpvg-product"},"_links":{"self":[{"href":"https:\/\/isra-collection.com\/index.php?rest_route=\/wp\/v2\/product\/9550","targetHints":{"allow":["GET"]}}],"collection":[{"href":"https:\/\/isra-collection.com\/index.php?rest_route=\/wp\/v2\/product"}],"about":[{"href":"https:\/\/isra-collection.com\/index.php?rest_route=\/wp\/v2\/types\/product"}],"replies":[{"embeddable":true,"href":"https:\/\/isra-collection.com\/index.php?rest_route=%2Fwp%2Fv2%2Fcomments&post=9550"}],"wp:featuredmedia":[{"embeddable":true,"href":"https:\/\/isra-collection.com\/index.php?rest_route=\/wp\/v2\/media\/11690"}],"wp:attachment":[{"href":"https:\/\/isra-collection.com\/index.php?rest_route=%2Fwp%2Fv2%2Fmedia&parent=9550"}],"wp:term":[{"taxonomy":"product_brand","embeddable":true,"href":"https:\/\/isra-collection.com\/index.php?rest_route=%2Fwp%2Fv2%2Fproduct_brand&post=9550"},{"taxonomy":"product_cat","embeddable":true,"href":"https:\/\/isra-collection.com\/index.php?rest_route=%2Fwp%2Fv2%2Fproduct_cat&post=9550"},{"taxonomy":"product_tag","embeddable":true,"href":"https:\/\/isra-collection.com\/index.php?rest_route=%2Fwp%2Fv2%2Fproduct_tag&post=9550"}],"curies":[{"name":"wp","href":"https:\/\/api.w.org\/{rel}","templated":true}]}}